units digit of t?
5
Suppose -l - 20 + 13 = 0. Let o(k) = 4*k**2 + 9*k - 7. Let z be o(l). What is the tens digit of (-1)/((-1 - 2)/z)?
4
Let w = 675 - 106. What is the hundreds digit of w?
5
Let d(v) = -3*v**3 + v**2 - v. Let t be d(-1). Suppose -r - 506 = -4*i, -4*i + 388 = -i - t*r. What is the tens digit of i?
2
Let i(w) = -2*w - 6. Let m be i(-4). Suppose -5*j - g - m = 0, 4*j - 4*g - 3 = 5. Suppose j = t + 2 - 13. What is the tens digit of t?
1
Let v(p) = 9*p**2 - 9 + 2*p + 0 - 8*p**2 + p**3. What is the tens digit of v(4)?
7
Suppose 3*q + 454 = 4*y, y - q - 130 = -17. Suppose x = y - 35. What is the units digit of x?
0
Let w(u) be the third derivative of -u**4/6 - u**3/3 + 6*u**2. Let x be w(3). What is the units digit of (x + -5)/(1 + -2)?
9
What is the tens digit of (-3 + (-22)/(-6))*(-8841)/(-14)?
2
Let l = -16 + 34. Suppose l + 30 = 2*y. What is the units digit of y?
4
Let g(m) = -m**3 + 8*m**2 + 90*m - 8. What is the tens digit of g(-7)?
9
Suppose -3126 = -4*a - 3*m, 2353 = -2*a + 5*a - 2*m. What is the units digit of a?
3
Let o(f) = -f - 6. Let j be o(-6). Suppose 5*v + 58 - 348 = j. What is the tens digit of v?
5
Let b be 2/11 - 1092/77. Let t be b/(-49) + (-12)/(-7). Suppose -2*s + 12 = t*s. What is the units digit of s?
3
Let t(s) be the third derivative of s**4/6 - 2*s**3/3 - 12*s**2. What is the units digit of t(8)?
8
Let w(z) be the first derivative of 9*z**4/4 + z**3/3 - z**2 + 2*z + 1. What is the units digit of w(1)?
0
Let i(f) = -f**3 + 12*f**2 + 14*f + 2. What is the hundreds digit of i(10)?
3
Suppose -13*z = 3*z - 3152. What is the tens digit of z?
9
What is the units digit of ((-632)/6)/(((-32)/(-12))/(-4))?
8
Let w = 72 - 138. Let k = -33 - w. What is the units digit of k?
3
Suppose f = -2*p + 6*f + 597, p + 5*f - 261 = 0. Suppose 5*t - p = -6. What is the units digit of t?
6
Suppose 0 = -2*m - 2*m. Suppose -4*j + 5*z = -2*j + 2, -4*j = -z - 14. Suppose 4*d + 4*n - 92 = 0, m = -2*d - j*n + 23 + 29. What is the units digit of d?
0
Let c be (-2)/(-2) - (9 + -8). Suppose -2*p = 0, c*p - p = 5*l - 330. What is the units digit of l?
6
Let p(w) = 2*w**3 + 43*w**2 + 28*w + 80. What is the hundreds digit of p(-17)?
2
Suppose -68*u + 364433 = 63873. What is the hundreds digit of u?
4
Let k = -65 + 68. What is the units digit of 169 - k*(-5)/5?
2
Suppose -3*a + 54 + 21 = 3*b, b = -4*a + 115. Suppose -3*j + 15 = -g, 5*j = -4*g + 38 - 13. Suppose -j*q + 0*q = -a. What is the units digit of q?
6
Let b(s) = 9*s + 5. Let y be b(-4). Let x = y - -22. What is the tens digit of x/((-27)/60) + -2?
1
Let j be (-12)/(-54) - 16/(-9). Let s = 7 - j. Let u(z) = z**2 - z + 4. What is the tens digit of u(s)?
2
Let z = 2682 - 1119. What is the hundreds digit of z?
5
Let o(w) = w**3 - 26*w**2 - 42*w + 27. What is the units digit of o(28)?
9
Suppose 68*x - 63*x - 3070 = 0. What is the units digit of x?
4
Let a = -1187 - -3259. What is the tens digit of a?
7
Let g = -20 + 14. Let d be (g + 3)/(4/(-28)). Let m = -12 + d. What is the units digit of m?
9
What is the units digit of 4 - -6 - (6 - (6 - 3))?
7
Let j(z) = 755*z**2 - 22*z + 34. What is the tens digit of j(2)?
1
Let j be (1/(-2)*-237)/((-20)/(-40)). Suppose 0 = -4*s + 4*q + 288, -q + 5*q - j = -3*s. What is the units digit of s?
5
Let u(m) = -m + 16. Let v be u(14). Let g be ((-24)/15)/(v/(-5)). Suppose -g*t + l = -84, 2*l - 12 = -l. What is the tens digit of t?
2
Suppose 14*x - 11760 = -x. What is the tens digit of x?
8
Suppose -x + p = -2946, 8843 = 3*x + 12*p - 16*p. What is the hundreds digit of x?
9
Let i = 1963 - 421. What is the tens digit of i?
4
Let t = -60 + 60. What is the units digit of 1 - t - (-78 - -12)?
7
Let v(i) = -2*i**2 - 11*i + 8. Let u be v(-6). Let s be 15/u*(-14)/(-21). What is the tens digit of 52/s*(-65)/(-26)?
2
Let i = 85 - 85. Suppose -4*l - 327 = -z, -z - 4*l = -i*l - 287. What is the hundreds digit of z?
3
Let y = 4813 + -2939. What is the thousands digit of y?
1
Let d(i) = -i**3 - 4*i**2 - 20. Let z be d(-5). Let p be (-34)/(-9) - (-2)/9. Suppose p*r + 17 = z*n, -3*n = 5*r + 6 - 31. What is the units digit of n?
5
Let b = -161 + 1220. What is the hundreds digit of b?
0
What is the units digit of 18/27*1416/2?
2
Let l(v) = 88*v**3 + 4*v**2 + 2*v + 6. What is the tens digit of l(2)?
3
Suppose 5*l + 407 = 4*x, -4*x - 3*l + 413 = -2*l. What is the hundreds digit of x?
1
Let a(v) = -4*v**2 + 4*v - 4. Let f be a(3). Let b = f - -28. What is the tens digit of 24 + b/(-1) - -2?
2
Let p = 93 + -93. Suppose 3*v - 2*o = -4*o + 163, -5*o + 10 = p. What is the tens digit of v?
5
Let m = 6 - -2. What is the units digit of (-2340)/(-70) - m/(-14)?
4
Let o(c) = -c**3 + 17*c**2 + 9*c + 14. What is the tens digit of o(16)?
1
Let j be (4 - (-8)/(-4)) + 3. Let t(r) = -3*r + 4*r + 5*r - j*r + 3*r**2. What is the tens digit of t(-4)?
4
Let u be 542/4 - (7 - (-51)/(-6)). Suppose -9*b - u = -10*b. What is the tens digit of b?
3
Let x(s) = 15*s - 4. Let w be x(1). Let z(i) = -36*i + 3. Let f(u) = 108*u - 10. Let t(r) = w*z(r) + 4*f(r). What is the units digit of t(2)?
5
Suppose -678 = -4*k + 5*d, 5*d + 390 = 2*k + 46. Suppose 2*i = -61 + k. What is the units digit of i?
3
Suppose 26*n - 30*n - 12207 = -5*l, -4*l = -3*n - 9765. What is the thousands digit of l?
2
Suppose 2*y + 13 - 2 = -n, -3*y - 34 = 5*n. Let q be 6*((-4)/(-12) - y). Let z = q + 9. What is the tens digit of z?
2
Suppose -3*t + 2*o = -20, 2*o + 3 - 7 = -t. Suppose 6 = -4*c + t*c. Suppose -4*i - a = -i - 23, c*i - 5*a = 11. What is the units digit of i?
7
Let n(v) = -6 - 12*v + 7 - 2. Let y(r) = -6*r. Let i(d) = 4*n(d) - 9*y(d). What is the tens digit of i(3)?
1
Let x(f) = -f**3 - 28*f**2 - 34*f + 32. What is the units digit of x(-28)?
4
Let w = 35 - 31. Let p(i) = i + 1. Let h be p(w). Suppose -2*q - 78 = -2*g, -h*g = q - 307 + 82. What is the units digit of g?
4
What is the tens digit of (-3)/(-18) + (-1)/6*-617?
0
Let b(i) = -73*i**2 + i - 1 + i + 80*i**2. Let z be b(-3). Suppose -2*t - 2 = -z. What is the units digit of t?
7
Let z = 115 - -255. Suppose -2*w = -t - 148, 5*w + t = -3*t + z. What is the tens digit of w?
7
Let u be 16/24*-1*(-16 - -1). Let t(c) = 6*c - 37. What is the units digit of t(u)?
3
Let t(u) = -u**3 - 9*u**2 + u + 8. Let p be t(-9). Let x(m) be the third derivative of -5*m**4/12 - m**3/6 - m**2. What is the units digit of x(p)?
9
Suppose 0*w = 4*r + 2*w - 20, 3*r - w - 5 = 0. Let m be (9/15)/(1/5). Suppose f - 192 = -m*f - r*z, -3*z + 12 = 0. What is the tens digit of f?
4
Let x(f) be the first derivative of f**4/4 + 8*f**3 + 11*f**2 + 28*f + 22. What is the units digit of x(-23)?
1
What is the hundreds digit of 14/49 - (-3396)/21?
1
Suppose -5*t - 15 = r, 7*t = 2*t + 4*r + 10. Let p = -503 - -227. What is the tens digit of -2*t*p/(-16)?
6
Suppose -12 = -4*f, -5*f = -h + 20 + 10. Let j = h + 12. What is the units digit of j?
7
Let c = 0 - -2. Let u(o) = -2*o**3 - 22*o**2 + 2*o + 27. Let z be u(-11). Suppose -z*q = -c*q - 12. What is the units digit of q?
4
Let w(b) be the second derivative of b**6/240 - b**5/10 - b**4/2 + 4*b. Let u(d) be the third derivative of w(d). What is the tens digit of u(11)?
2
Let p(n) = -3*n**3 + 5*n**2 - 4*n + 2. Let t(u) = -10*u**3 + 14*u**2 - 11*u + 5. Let s(b) = 7*p(b) - 2*t(b). What is the tens digit of s(5)?
2
Suppose -2*q = q - 21. Suppose 0*s - s + q = 0. What is the units digit of s?
7
Suppose 0 = -45*w + 40*w + 4155. What is the tens digit of w?
3
What is the thousands digit of (((-1831)/(-1))/(-29 - -28))/(-1)?
1
Let a = 2707 + -1615. What is the hundreds digit of a?
0
Let l be (9/((-9)/344))/(-2). Let i = l - 99. What is the units digit of i?
3
Let i = 843 + -297. Suppose f - i = -5*f. What is the units digit of f?
1
Let w(q) = 21*q**2 + 5*q - 4. Let k(b) = -20*b**2 - 4*b + 3. Let n(t) = -5*k(t) - 4*w(t). What is the units digit of n(-1)?
7
Suppose 4*w = -4*c + 12, -5*w - c - 1 = -4. Suppose w*g + 10*g = 620. What is the units digit of g?
2
Suppose 4*c - 3492 = 3*y, 5*c - 2*y + 1760 = 7*c. What is the hundreds digit of c?
8
Suppose 3*z + 64 - 82 = 0. Suppose -z*m + 11*m = 370. What is the units digit of m?
4
Let a = 16 + 1. What is the units digit of 799/a - (1 - 0)?
6
Suppose 2*f = 6*f + 20. Let j = f - -11. What is the units digit of (-84)/(-35)*20/